 -104*o + 46*o + 1288 = 103*o. Let i be 20*(4/(-10) + 0). Let j = i + 16. What is the highest common factor of o and j?
8
Let d = -4 - -19. Let x(u) = -u**2 + 19*u - 84. Let c be x(7). Suppose 9*z - 13*z + 24 = c. Calculate the greatest common divisor of d and z.
3
Let k(m) = m**2 + 23*m - 151. Let i(q) = q**2 - 8*q - 14. Let h be i(-2). Let o be k(h). Calculate the highest common factor of o and 23.
23
Suppose 847*x - 843*x = 684. Calculate the greatest common factor of 1425 and x.
57
Suppose 59 = 3*m + 35. Let j be m/(-10)*(-6 - 74). Let x = 75 - j. What is the highest common factor of x and 11?
11
Suppose 74*c - 15681 = 19*c - 3361. Calculate the highest common factor of c and 256.
32
Let z = 6109 + -6084. What is the greatest common factor of 8075 and z?
25
Let a = 43572 - 43502. Calculate the highest common factor of a and 740.
10
Let t be 14/(-21) + (-4)/(-6). Suppose t = 4*c + 3*d + 24 - 64, 3*c = -5*d + 41. Suppose p = c*p - 30. Calculate the highest common divisor of 40 and p.
5
Let y = 555 + -550. Let t be ((-3)/y)/((-52)/2600). What is the greatest common factor of 27 and t?
3
Suppose -8996 = -93*w + 273538. Calculate the highest common factor of 186 and w.
62
Suppose -3*x + 7 = -3*c + 1, -3*x - 18 = 3*c. Let a be 10/(-45)*-93 - c/12. Let d = 17 - 3. What is the greatest common divisor of d and a?
7
Let l = 3283 + -2051. Let w(n) = -n**3 - 6*n**2 + 8*n + 13. Let t be w(-7). Suppose -t*c = c - l. Calculate the highest common factor of 22 and c.
22
Let o(w) = -31*w**3 - 5*w**2 - 42*w - 127. Let v be o(-4). What is the highest common factor of v and 25?
5
Suppose -2*o + 37 = 13. Suppose 0 = -0*z + 28*z - 672. Calculate the greatest common divisor of z and o.
12
Let u be -10 - (-354)/36 - 529/(-6). Let r = u - -178. Calculate the greatest common factor of r and 14.
14
Let v = -704 - -708. Suppose 0 = -2*o + 4*p + 330, -3*p + 657 - 19 = v*o. Calculate the highest common factor of 69 and o.
23
Let y = 1788 + -1668. Let r(u) = -u**2 - 8*u + 8. Let b be r(-7). Calculate the greatest common factor of b and y.
15
Suppose -78*g + 73*g + 726 = 4*l, l - 171 = -3*g. What is the greatest common factor of 70 and l?
7
Suppose 16*t = -36 - 12. Let o be 0 + 2/t + (-3056)/(-48). Let u(m) = m**3 + 6*m**2 - 6*m + 14. Let h be u(-7). Calculate the highest common factor of o and h.
7
Let d be (-42)/28 + ((-48)/(-64))/((-6)/(-508)). Calculate the greatest common divisor of 66 and d.
2
Suppose -4*g = 4*k + 12, 5*k + 32 = 4*g - 10. Let n(q) = -q**3 - q**2 + 6*q - 16. Let a be n(k). What is the highest common divisor of 8 and a?
8
Suppose 0 = 2*k - 4*k + 136. Let y(i) = i**3 + 2*i**2 + 16*i - 139. Let p be y(5). Let s = p - k. Calculate the greatest common factor of 120 and s.
24
Let v(j) = -3*j**2 - 4 - 20*j - 22*j + 32*j + 2*j**2. Suppose 5*x + 30 = -x. Let q be v(x). What is the greatest common divisor of q and 7?
7
Let l(z) = 580*z - 650. Let c be l(14). Calculate the greatest common divisor of 90 and c.
90
Let o be -4 + -2*3/(36/(-282)). Suppose 34*k + 342 = o*k. What is the greatest common factor of 418 and k?
38
Let t be 1 + 0 - (-6 + 2). Let i = -32701 - -32706. What is the greatest common divisor of i and t?
5
Let f(y) = y**3 + 16*y**2 + 11*y + 43. Let k be f(-15). Let a = 125 - k. Calculate the greatest common divisor of 418 and a.
22
Let s(d) = 7*d + 37. Let k be s(2). Let g be (-22)/(-187) + 3513/k. What is the greatest common divisor of 299 and g?
23
Suppose 32*s - 13*s - 16830 = -3*s. Calculate the highest common divisor of 1377 and s.
153
Let q be (25 - 1)/((-10)/((-28160)/48)). What is the greatest common factor of 66 and q?
22
Suppose 8 = -8*u - 480. Let o = u + 185. What is the greatest common divisor of 4 and o?
4
Let n(k) = 4836*k + 2752. Let m be n(6). Calculate the highest common factor of 44 and m.
44
Suppose -4*p - 4 = -4*r - 12, p = -5*r + 8. Let w be ((-3545)/10 + r/(-2))/(-1). Let h = -113 + w. What is the highest common factor of h and 22?
22
Let t = -127 + 141. Calculate the greatest common divisor of 21 and t.
7
Suppose 2*a + 131*f - 127*f = 120, -2*f = -4. Calculate the greatest common divisor of 728 and a.
56
Let c(f) = f**3 + 12*f**2 + 16*f - 2. Let g be c(-13). Let q = g + 439. What is the greatest common factor of q and 108?
12
Let v(s) = 2*s**2 - 51*s + 34. Let z be v(26). Let y = 78 - 51. Let x = z - y. What is the greatest common divisor of x and 3?
3
Let x = 50 - -422. Let s = x - 336. Calculate the greatest common factor of s and 34.
34
Suppose 36 = 10*z + 16. Let q be -18 + 16 - (-11 - z). Suppose n - 363 = -2*n. What is the highest common factor of n and q?
11
Let u(c) = c**3 + 38*c**2 + 237*c - 5. Let g be u(-30). Calculate the greatest common divisor of g and 3587.
17
Let p = -6010 - -6066. Calculate the highest common divisor of p and 2534.
14
Suppose -3*q = 8*q - 110. Let k(o) = 7*o**2 + 13*o - 65. Let h be k(q). What is the greatest common factor of 85 and h?
85
Let k(q) = -2*q - 2. Let a be k(5). Let p be a*(1 + (-1 - 3)). Let t be (-8160)/1904*112/(-10). What is the greatest common divisor of p and t?
12
Let h(s) = s - 7. Let j be h(8). Suppose -13*v + 298 = -j. Calculate the highest common divisor of v and 253.
23
Let m be (1 - -3) + 0*(-6)/60. Suppose 10*b = 13*b + 2*u - 293, -2*u = -m*b + 372. What is the greatest common divisor of b and 209?
19
Suppose -18*u + 21*u = 270. Suppose 4*o = n - 288, 2*o - 222 = -n + u. What is the greatest common factor of n and 16?
16
Let d(u) = 872*u - 3346. Let t be d(4). What is the highest common factor of t and 2272?
142
Let d = -572 + 554. Let z be (78/d)/(((-9)/(-3))/(-180)). Calculate the highest common divisor of 40 and z.
20
Let i be (-1665)/(-25) + 3/(-5). Let z = 8 - 5. Suppose -4*l + 97 = -z*c, -l = -5*c - 34 - 3. Calculate the greatest common divisor of i and l.
22
Let o = -10841 - -10843. Suppose 7 = -5*i - 3, 2*i + 54 = c. Calculate the greatest common divisor of o and c.
2
Suppose 5*p = 4*l - 1782, -5*p = 5*l + 851 + 949. Let x = -38 - p. What is the greatest common divisor of 20 and x?
20
Let i be 38/6*(12 + -9). Let o be i/38 + 95/2 + 0. What is the highest common divisor of o and 6?
6
Let q be 2 - 21 - (7 + -36). Let v(z) = 16*z + 5. Let n be v(5). Calculate the highest common factor of n and q.
5
Let k be (2 + (-53 - -1))*(-496)/5. Suppose -8*d + 13*d + k = 0. Let q be (d/(-14))/4 - (-4)/14. Calculate the highest common divisor of q and 18.
18
Let x(v) = v**3 + 63*v**2 - 21*v - 1159. Let k be x(-63). What is the highest common factor of 48 and k?
4
Let g = 99873 + -30199. What is the highest common divisor of g and 22?
22
Let u(b) = -b**3 + 11*b**2 - 8*b - 3. Let s be u(10). Suppose -594 = -11*z + s*z. Let r = z + 344. Calculate the highest common divisor of r and 98.
49
Suppose 0 = 142*p - 123*p - 247. Let u(b) = -25*b**3 - b**2 - 3*b - 1. Let v be u(-1). Calculate the highest common divisor of v and p.
13
Let g = -3587 - -3615. What is the highest common divisor of g and 28?
28
Suppose 0 = -13*d + 18 + 21. Suppose -5*p + 214 - 9 = x, -4*x = -d*p + 123. Calculate the highest common divisor of 451 and p.
41
Let o = -571 - -578. What is the highest common divisor of o and 25?
1
Let y be 150/200*(16/(-3))/(-1). Let v(j) = 2*j**3 - 9*j**2 + 7*j + 6. Let n be v(y). Let h = 16 + -7. Calculate the greatest common factor of n and h.
9
Let z(a) = 3*a + 2 - a**2 - 16 - 5*a - 18*a. Let u be z(-16). What is the greatest common divisor of u and 10?
10
Let j(r) = 1 - r - 2 + 0 - 3. Let v be j(-4). Suppose v = 2*f - 46 + 10. Calculate the greatest common divisor of f and 198.
18
Suppose 0 = 29*u - 16*u - 962. Calculate the highest common divisor of 1295 and u.
37
Suppose -2*j = -4*t + 1304, 3*t = j + 214 + 437. Let x = j + 657. Calculate the highest common divisor of x and 93.
3
Let h be (-43)/172*(-4 - -2 - -14). Let s be 276/60 + h/5. Calculate the highest common factor of s and 260.
4
Suppose 3*z = -t + 78, 20*t = z + 23*t - 18. Let p be (-2)/(-2)*4*-1. Let m be 168/2*(-9)/p. Calculate the greatest common divisor of z and m.
27
Suppose 0 = -54*x + 85*x - 2139. Calculate the highest common factor of x and 10189.
23
Let x be ((-24)/(-18))/((-3)/((-1503)/2)). Calculate the greatest common factor of x and 4175.
167
Let p(j) = 4*j - 1. Let d be p(1). Suppose d*o - 57 +